 divided by q.
17
Suppose 2*l - 431 - 39 = 0. Calculate the remainder when l is divided by 79.
77
What is the remainder when (44/12)/((-3)/(-117)) is divided by 9?
8
Suppose -4 = 3*l - 4*f, f = 3 - 2. Let b(j) = -j**3 - j**2 - j + 8. Let n(u) = -5*u + 23. What is the remainder when b(l) is divided by n(4)?
2
Suppose 0 = -5*m - 2*z + 1 + 4, -4*z = -5*m + 35. Suppose 28 + 245 = m*o. Calculate the remainder when o is divided by 23.
22
Suppose -n + 11 = -1. Suppose 9*h = 5*h + 20. Suppose 73 - 248 = -h*s. What is the remainder when s is divided by n?
11
Suppose 4*u = -407 + 523. Calculate the remainder when u is divided by 3.
2
Suppose 5*m - 31 = -u, -6*u - m + 179 = -u. Let r(b) = 25*b - 8. What is the remainder when r(6) is divided by u?
34
Suppose 5*f = 5*c + 3*f + 80, -f - 37 = 3*c. Let z = c - -26. Calculate the remainder when 19 is divided by z.
7
Suppose 432 = 16*g + 16. Let l(s) = -s**3 - s**2 + s + 50. What is the remainder when l(0) is divided by g?
24
Let a be (4/(-2))/2*-6. Let r(z) = -3*z - 2 + 29*z**2 - 30*z**2 + 11*z. Calculate the remainder when 37 is divided by r(a).
7
Suppose 2*o = 828 + 368. Suppose 0 = 16*y - 3*y - o. What is the remainder when y is divided by 8?
6
Suppose -4*y = -2*h - 36, y - 2*h = 7 + 5. Suppose 0*q + q = 5. Calculate the remainder when 6/2 - (-13 + y) is divided by q.
3
Suppose 5*j - 36 = j. Let x = -74 - -116. Suppose 112 - x = 2*g. What is the remainder when g is divided by j?
8
Let h = 29 + -26. Suppose t + h*t - 4*w = 108, -3*w - 6 = 0. Calculate the remainder when -2*2*291/(-12) is divided by t.
22
Suppose 3*q - 15 = -4*r, 8 = 3*r + q - 2. Suppose -2*x = -4*w + 166, -2*w + r*x = w - 117. Let n = -24 + w. Calculate the remainder when 78 is divided by n.
18
Let l(u) = 3*u**3 + u**2 + 3*u + 2. Calculate the remainder when l(3) is divided by 14484/(-1136)*16/(-6).
33
Suppose 5*x = 199 + 221. Let d be (1 + x)*3/5. Suppose f = -2*y + d, -3*y - 3*f = -f - 75. What is the remainder when y is divided by 14?
13
Let b = -13 + 26. What is the remainder when 74 is divided by b?
9
Let g be 2 + 1 + 36 + (-6)/2. Let m = -4 - -8. Calculate the remainder when (-51)/(-4) - 3/g*-3 is divided by m.
1
Let s be (-2079)/35*(-10)/3. Suppose -m = 4*d - s, 3*m = 2*d - 2*m - 88. What is the remainder when d is divided by 10?
9
Let x(f) = -5*f + 4. Suppose -t + 4 = -6. What is the remainder when x(-7) is divided by t?
9
Let p be (-15 - (-5 + 2))*(-9)/27. Suppose -537 = -p*g - f, 0 = 3*g - 6*g + f + 401. What is the remainder when g is divided by 15?
14
Let a(w) = 271*w - 30. What is the remainder when a(1) is divided by 36?
25
Let j(z) = -z**3 + 6*z**2 - 17*z + 126. What is the remainder when 62 is divided by j(6)?
14
Suppose -4*h - w = -56, 0 = -w - 7 + 11. Calculate the remainder when 20 is divided by h.
7
Suppose -2*i = 2*d - 54, -2*d + 3*d - 15 = -5*i. What is the remainder when d is divided by 11/(-4 - -2 - -3)?
8
Let c(n) = 2*n - 19. Let m be c(11). Let p be 14*3 + (-3 - -6). Suppose -p = -2*z - 3*w, m*w = -3*z + w + 60. Calculate the remainder when z is divided by 5.
3
Let b = 5 + -3. Suppose 3*m - 3*r - 6 = 0, b*m + 0*r = -r + 10. Suppose -u + 39 = m*u - 2*t, -u - 5*t = -24. Calculate the remainder when 32 is divided by u.
5
Suppose -j + 12 = -3*a + 3, -16 = -2*j + 5*a. Suppose -7*n + 2*n = 2*f - 187, -j*f + n + 306 = 0. What is the remainder when f is divided by 26?
23
Let v(f) = -7*f**3 + 2*f**2 + 8*f + 18. What is the remainder when v(-2) is divided by 35?
31
Let g(y) = 4*y - 4. Let i(a) = -5*a + 5. Let o(m) = 4*g(m) + 3*i(m). Let f be o(6). Suppose -3*x - f = -53. Calculate the remainder when 61 is divided by x.
13
Suppose -5*r + 36 = r. Calculate the remainder when (-32)/(0/(-1) + -2) is divided by r.
4
Let o(t) = -15*t**2 + 88*t + 7. Let n be o(6). Suppose -4*r + 38 = 5*a, -r = a - 2*a - 5. Let m = r - n. Calculate the remainder when 46 is divided by m.
10
Let k be 1144/12 - (-4)/6. Suppose -k + 28 = -4*g. Calculate the remainder when g is divided by 6.
5
Let h = 15 - 29. Let f = h + 14. Suppose -3*j + j + 68 = f. What is the remainder when j is divided by 18?
16
Let p(r) = -r**3 - 12*r**2 - 37*r + 19. Calculate the remainder when 897 is divided by p(-6).
22
Let s(q) = 17*q - 14*q + 9 + 12 - 8. Let g(u) = -u**3 - 2*u**2 + 4*u + 2. Calculate the remainder when g(-4) is divided by s(-3).
2
Suppose -11*o + 1428 = 40*o. What is the remainder when o is divided by 4?
0
Let z = 473 + -413. What is the remainder when 1017 is divided by z?
57
Suppose 3743 = 51*a - 32*a. Calculate the remainder when a is divided by 10.
7
Suppose -155*d + 150*d + 50 = 5*n, 2*n = 2. Suppose v - 2 = 3*v - 2*c, -16 = -4*c. Suppose -52 = v*i - 151. What is the remainder when i is divided by d?
6
Let p(l) = -l**3 + 7*l**2 + 3*l - 9. Let c be 82/12 - (-4)/24. Let q = -19 - -54. Calculate the remainder when q is divided by p(c).
11
Let u(b) = -b**3 - 7*b**2 + 102*b + 66. What is the remainder when 215 is divided by u(-14)?
5
Let r be (-40)/(-15)*(-1 + -2). Let c = 22 - r. Suppose -c = -2*f + 14. What is the remainder when f is divided by 8?
6
Let h(o) be the first derivative of 5*o**4/12 - 3*o**2 - 9*o - 8. Let j(a) be the first derivative of h(a). Calculate the remainder when j(-4) is divided by 25.
24
Let i(x) = 6*x - 17. Let y(r) = -17*r + 50. Let t(b) = 11*i(b) + 4*y(b). What is the remainder when t(-8) is divided by 8?
5
Let n(k) = k**3 + 6*k**2 + 4*k + 1. Let i be n(-5). Suppose -i*j + 3*j + 102 = 0. Let v = 48 - j. Calculate the remainder when 55 is divided by v.
13
Suppose 0 = -2*q + 19 + 49. Let b be 2*1 - 0/(-14). Suppose -3*a + b*a = -12. What is the remainder when q is divided by a?
10
Suppose -519 + 156 = -11*q. Let t = q - 7. What is the remainder when 75 is divided by t?
23
Let a(p) = -40*p - 17. Let j be a(7). Let v = 973 + j. What is the remainder when (6/4)/(39/v) is divided by 10?
6
Suppose c - 4*l = 123, -51*l - 449 = -3*c - 55*l. Calculate the remainder when 439 is divided by c.
10
Let p be 115/35 + 4/(-14). Let c be (p + -2)/(3/231). Calculate the remainder when 8 is divided by 2/11 + 217/c.
2
Let d be 1 - 0 - 72/(-4). Suppose 15*m - d*m + 92 = 0. Suppose -3*x - x + 24 = 0. Calculate the remainder when m is divided by x.
5
What is the remainder when 390 is divided by 16/48*-3 - 386/(-2)?
6
Let i(h) = 2*h**3 + 6*h**2 - 15*h - 34. Calculate the remainder when i(-3) is divided by 7.
4
Let c = 15 - -7. What is the remainder when 84 is divided by c?
18
Let c(g) = -g**3 - g**2 - g - 6. Let o(b) = b**3 - 4*b**2 + 4*b + 1. Let f be o(3). Suppose -118 = -f*m + 106. What is the remainder when m is divided by c(-3)?
11
Suppose 529 = 27*z - 4*z. What is the remainder when 90 is divided by z?
21
Let f(h) = 2 - 9*h - 5*h + 17*h - 2*h. Suppose -m = -6*m + 3*u + 15, -5*m - 5*u + 55 = 0. What is the remainder when 23 is divided by f(m)?
7
Suppose -5*j = -11*b + 10*b + 112, 4*b = 2*j + 394. What is the remainder when b is divided by 0 + 23 + -1 - 2?
17
Suppose -4*q + 147 = -3*l, l + 4*l = 3*q - 124. Calculate the remainder when 277 is divided by q.
13
Let h = 952 - 860. What is the remainder when h is divided by 20?
12
Let j(a) = -5*a + 1. Let f be j(-4). Let v = f + 24. What is the remainder when 89 is divided by v?
44
Suppose 0 = -2*w + 4*t - 3*t + 9, 0 = 3*t + 3. Suppose 5*d = -2*b + 40 + 22, w*d = -4*b + 124. What is the remainder when 60 is divided by b?
29
Let x(r) = -r**2 - 5*r + 19. Let z be x(-9). Let a = 51 + z. What is the remainder when 99 is divided by a?
31
Suppose 10 = 2*r + 2*m, 31 + 0 = 3*r - m. Suppose 4*s - o = -2*o - 216, 5*s = 3*o - 270. Let x = -19 - s. Calculate the remainder when x is divided by r.
8
Let l(m) = 9*m**2 + 4*m - 16. Calculate the remainder when l(9) is divided by 126.
119
Let c(y) = -y**3 - 12*y**2 + 10*y - 19. Let a = 6 - 19. What is the remainder when c(a) is divided by 8?
4
Let q(y) = y. Let x be q(3). Suppose 3*s - 85 = -x*h + 89, 0 = s. Calculate the remainder when h is divided by (-3)/(-4 + (-76)/(-20)).
13
Let k = -92 - -133. Let b(y) = 4*y - 26. Calculate the remainder when k is divided by b(10).
13
Let w = 153 - 225. Let y = -52 - w. What is the remainder when y is divided by 6?
2
Let l(g) = 26*g - 189. What is the remainder when l(13) is divided by 76?
73
Let m(v) = 7*v**2 - 19*v - 96. What is t